{"id":31,"date":"2020-02-06T16:18:46","date_gmt":"2020-02-06T16:18:46","guid":{"rendered":"http:\/\/localhost\/mzvol_web\/?page_id=31"},"modified":"2020-02-19T14:59:21","modified_gmt":"2020-02-19T14:59:21","slug":"anfahrt","status":"publish","type":"page","link":"https:\/\/mzvol.de\/oldenburg-zimmervermietung\/anfahrt\/","title":{"rendered":"Anfahrt"},"content":{"rendered":"\n<h1 id=\"cc-m-header-10619612899\">Anreise mit dem Auto<\/h1>\n\n\n\n<p>Bei Anreise per PKW, Autobahn 293, Abfahrt Oldenburg <strong>B\u00fcrgerfelde<\/strong>, dann Richtung Metjendorf \/ Flughafen, \u00fcber die Bahn in die     Siebenb\u00fcrger, links in die Hermannst\u00e4dter 19, dann ca. 200 m auf der linken Seite der rote Klinker Bungalow-<\/p>\n\n\n\n<p> Gesamtstrecke von der Autobahn ca. 1 km.  <\/p>\n\n\n\n<iframe loading=\"lazy\" src=\"https:\/\/www.google.com\/maps\/embed?pb=!1m18!1m12!1m3!1d79.16369907162152!2d8.199894002534915!3d53.16253349890003!2m3!1f351.73680183626607!2f52.722062707517765!3f0!3m2!1i1024!2i768!4f35!3m3!1m2!1s0x0%3A0x0!2zNTPCsDA5JzQ4LjQiTiA4wrAxMSc1OS44IkU!5e1!3m2!1sen!2sde!4v1582123715340!5m2!1sen!2sde\" width=\"800\" height=\"600\" frameborder=\"0\" style=\"border:0;\" allowfullscreen=\"\"><\/iframe>\n\n\n\n<h1 id=\"cc-m-header-10619612499\">Busanbindung<\/h1>\n\n\n\n<p> Je nachdem wo Sie einsteigen fahren zu uns die Busse <\/p>                                                   <p> &#8211; 302 (Am Alexanderhaus), <\/p>                                                                                                               <p> &#8211; 313 (BBS Wechloy), <\/p>                                                                                                                                <p> &#8211; 329 (Heidkamp oder Am Alexanderhaus, oder Ofenerfeld), <\/p>                               <p> Abfahrt ZOB Bstg. D <\/p>                                                                                                                            <p> zur Haltestelle <strong>Feldstra\u00dfe<\/strong>. <\/p>                                                                                                                 <p> (Es empfiehlt sich trotzdem beim Busfahrer nachzufragen !!) <\/p>                                         <p> Dann \u00fcber die Bahngleise gehen, links in die Siebenb\u00fcrger und dann links <\/p>\n<p> in die Hermannst\u00e4dter. bis zur 19 auf der linken Seite. <\/p>                                                                  <p> Die Bushaltestelle ist ca. 350 m von uns entfernt.  <\/p>\n\n\n\n<p style=\"font-size:0\"><a href=\"http:\/\/vwg.de\">Fahrplan Oldenburg Stadt<\/a>                                                                                                                                     <a href=\"http:\/\/efa.de\">Fahrplan Umland von Oldenburg<\/a><\/p>\n\n\n\n<h2>Bahnanbindung<\/h2>\n\n\n\n<p> Sollten Sie mit dem Zug Oldenburg Hauptbahnhof (HBF) anreisen, finden <\/p>\n\n\n\n<p> Sie die ZOB Bushaltestelle r\u00fcckseitig.<\/p>\n\n\n\n<p> &#8211; 302 (Am Alexanderhaus), <\/p>\n\n\n\n<p> &#8211; 313 (BBS Wechloy),                                                                                                                             <\/p>\n\n\n\n<p> &#8211; 329 (Heidkamp oder Am Alexanderhaus, oder Ofenerfeld), <\/p>\n\n\n\n<p> Abfahrt ZOB Bstg. D <\/p>\n\n\n\n<p> zur Haltestelle <strong>Feldstra\u00dfe<\/strong>.<\/p>\n","protected":false},"excerpt":{"rendered":"<p>Anreise mit dem Auto Bei Anreise per PKW, Autobahn 293, Abfahrt Oldenburg B\u00fcrgerfelde, dann Richtung Metjendorf \/ Flughafen, \u00fcber die Bahn in die Siebenb\u00fcrger, links in die Hermannst\u00e4dter 19, dann ca. 200 m auf der linken Seite der rote Klinker Bungalow- Gesamtstrecke von der Autobahn ca. 1 km. Busanbindung Je nachdem wo Sie einsteigen fahren &hellip; <\/p>\n<p class=\"link-more\"><a href=\"https:\/\/mzvol.de\/oldenburg-zimmervermietung\/anfahrt\/\" class=\"more-link\"><span class=\"screen-reader-text\">\u201eAnfahrt\u201c<\/span> weiterlesen<\/a><\/p>\n","protected":false},"author":1,"featured_media":0,"parent":0,"menu_order":0,"comment_status":"closed","ping_status":"closed","template":"","meta":[],"_links":{"self":[{"href":"https:\/\/mzvol.de\/oldenburg-zimmervermietung\/wp-json\/wp\/v2\/pages\/31"}],"collection":[{"href":"https:\/\/mzvol.de\/oldenburg-zimmervermietung\/wp-json\/wp\/v2\/pages"}],"about":[{"href":"https:\/\/mzvol.de\/oldenburg-zimmervermietung\/wp-json\/wp\/v2\/types\/page"}],"author":[{"embeddable":true,"href":"https:\/\/mzvol.de\/oldenburg-zimmervermietung\/wp-json\/wp\/v2\/users\/1"}],"replies":[{"embeddable":true,"href":"https:\/\/mzvol.de\/oldenburg-zimmervermietung\/wp-json\/wp\/v2\/comments?post=31"}],"version-history":[{"count":17,"href":"https:\/\/mzvol.de\/oldenburg-zimmervermietung\/wp-json\/wp\/v2\/pages\/31\/revisions"}],"predecessor-version":[{"id":200,"href":"https:\/\/mzvol.de\/oldenburg-zimmervermietung\/wp-json\/wp\/v2\/pages\/31\/revisions\/200"}],"wp:attachment":[{"href":"https:\/\/mzvol.de\/oldenburg-zimmervermietung\/wp-json\/wp\/v2\/media?parent=31"}],"curies":[{"name":"wp","href":"https:\/\/api.w.org\/{rel}","templated":true}]}}